-3)*-267. Suppose -4*u - 3*h - 23 = 108, -2*u - 3*h - 73 = 0. Let q = 51 + u. What is the greatest common divisor of q and g?
22
Suppose -4*k + 49 = -3*x, x + 53 = 5*k - 0*x. Let c = 239 - 169. Suppose a - c = -0*a. Calculate the greatest common factor of a and k.
10
Let f = 74 + -68. Suppose -3*w = f, 224 + 77 = 5*c - 3*w. What is the highest common factor of 177 and c?
59
Let m(b) = 11*b**2 - 131*b + 8. Let x be m(17). Calculate the greatest common divisor of x and 2520.
120
Suppose -4*m = -2*z + 30, -z = -3*z + 3*m + 30. Suppose 3 = 4*d + z. Let p be (-237)/(-12) + 2 + d/4. Calculate the highest common divisor of 3 and p.
3
Let l(z) be the third derivative of z**5/20 + z**4/4 - 4*z**3 - 4*z**2 - 6*z. Let n be l(-7). What is the greatest common divisor of 27 and n?
27
Let t(f) = -29*f + 875. Let w be t(21). Let g(p) = -p**3 - 7*p**2 - 4*p + 10. Let q be g(-7). What is the highest common factor of w and q?
38
Suppose 3*j + d + 79 = -0*d, 0 = -2*j - 4*d - 46. Let i = 62 + j. Calculate the highest common divisor of i and 140.
35
Let v(r) = 67*r**2 - r. Let w be v(1). Let b(a) = -3*a - 42. Let i be b(-14). Suppose -6*s + 5*s + 44 = i. What is the greatest common divisor of s and w?
22
Let x(r) = -27*r - 56. Let y be x(-3). Let z be (228/(-30))/((-10)/y). Let k = -84 - -293. What is the highest common divisor of k and z?
19
Let d be (-8)/(-28) - (-4344)/84. Suppose -37*i = -d*i + 525. Let z be 166/8 - (-1)/4. Calculate the greatest common factor of i and z.
7
Suppose 7423*b - 20580 = 7416*b. What is the greatest common factor of b and 300?
60
Let i = -549 - -1032. Let l(q) = 565*q - 18576. Let t be l(33). Calculate the highest common divisor of t and i.
69
Let g be (-112)/504 + (-5)/((-45)/308). Calculate the greatest common factor of g and 1632.
34
Let n = 73 + 367. Suppose 0 = 443*t - n*t - 45. What is the highest common factor of 45 and t?
15
Suppose -4*x - 3*n = -127, n - 50 - 49 = -3*x. Suppose -32*b - 14 = -x*b. Suppose -196 = 3*k - 7*k. What is the greatest common factor of b and k?
7
Suppose 159 = 2*z - 2*i - 265, -2*z - 3*i + 449 = 0. Let n = -213 + z. Calculate the highest common factor of 32 and n.
4
Let g = 5915 + -5633. Calculate the greatest common divisor of g and 111.
3
Let z(i) = 30*i**2 - 8*i - 6. Let w = -1043 - -1042. Let t be z(w). Let h = 464 - 304. What is the greatest common divisor of t and h?
32
Let g(q) = 50*q**2 + 9*q + 17. Let x be g(-4). Let u = x - 753. Suppose 7 = -2*m + 15. Calculate the greatest common divisor of u and m.
4
Suppose 3*h = 3*t - 1791, -1637 = 4*h - 2*t + 761. Let j be (h - 0)/(((-56)/(-21))/(-4)). What is the greatest common divisor of 21 and j?
21
Let f = -1441 - -2089. What is the greatest common factor of f and 5022?
162
Let m = 7801 + -3578. Calculate the greatest common divisor of 206 and m.
103
Let i = 13610 + -13594. Suppose -190 + 2174 = 4*u. What is the greatest common divisor of u and i?
16
Let d = -2497 - -6852. What is the highest common divisor of d and 130?
65
Let a = -15855 - -33319. What is the highest common divisor of 37 and a?
37
Suppose -i = -0*i - 10. Suppose -2*w + i = 10. Suppose -3*l - 145 = -4*c - w*l, -c - l = -45. What is the greatest common divisor of c and 100?
20
Let d(o) = 6*o**2 - o - 42. Let k be d(7). What is the greatest common factor of 49 and k?
49
Suppose -1635 = -14*i + 423. Let s = 180 - i. Calculate the greatest common factor of s and 231.
33
Suppose 3*i - 5*h = 64 + 113, -2*i - 2*h = -134. Suppose 0*x + 8*x = -i. Let w be (-928)/(-56) + x/14. Calculate the greatest common factor of w and 8.
8
Let h(a) = 2*a**3 - 69*a**2 - 36*a + 36. Suppose 10*q = s + 6*q - 15, -5*s - 4*q + 195 = 0. Let g be h(s). What is the highest common factor of 7 and g?
1
Let n be -4 - -9 - -60 - 2. Suppose -13*c - n = -20*c. Calculate the highest common divisor of 12 and c.
3
Suppose -281*g + 27*g = -768096. What is the highest common divisor of g and 54?
54
Let r = -2 + -18. Let x = r - -98. Calculate the greatest common divisor of 6 and x.
6
Suppose 0 = -86*p + 492648 - 58864. Calculate the greatest common factor of p and 104.
52
Let o(y) = 38*y**2 - 2*y + 1. Let u = 89 - 88. Let s be o(u). Let i = s + -26. Calculate the highest common divisor of 11 and i.
11
Let r(d) = -273*d - 4350. Let c be r(-16). Calculate the greatest common factor of 9522 and c.
18
Let n be 9 - 1 - (-14 - -17). Calculate the highest common divisor of 5770 and n.
5
Suppose 2*q = 5*j - 1918, -3*j + 0*j + 1149 = -3*q. Suppose 3*k + k - 97 = t, -3*k - t + 71 = 0. Calculate the greatest common factor of k and j.
24
Suppose -5*l = -239 - 281. Suppose 2*i = y + 5*y - 1018, 851 = 5*y - 3*i. Calculate the highest common divisor of y and l.
13
Let o = 20 - 12. Let t(j) = -j**3 + 5*j**2 + 5*j - 21. Let l be t(5). Suppose f - b - 106 = 0, l = -b - b. Calculate the greatest common divisor of o and f.
8
Let r = -6801 - -6809. What is the highest common factor of 53 and r?
1
Let f = 240 - 237. Suppose -3*a - 5*s = -103, 2*a + f*s - 2*s = 71. Calculate the highest common factor of a and 6.
6
Let q = 133 - 78. Let y = -46 + q. Suppose 2*z = 140 + 58. What is the highest common factor of z and y?
9
Suppose -22*h + 567 = -324 - 77. What is the highest common factor of h and 1045?
11
Let j = 29 + -8. Let n be (-1)/(((-6)/(-88))/(75/(-10))). Suppose -2*q = -16 - n. What is the greatest common divisor of j and q?
21
Suppose 4*t + 31 = 55. Suppose -t*c = -11*c + 110. Suppose 0 = -2*j + 4*v + c, -3 = -v - 6. Calculate the greatest common divisor of j and 35.
5
Let u = 4629 - -25068. Calculate the highest common factor of 57 and u.
57
Suppose -5*f - u + 4177 = 0, -3*f + 13*u - 8*u = -2523. Let s = -206 + f. What is the highest common divisor of 70 and s?
70
Suppose -2*s = -4*s - 2*d - 80, 0 = -s + 2*d - 34. Let g = 67 + s. Let f = g - -56. Calculate the highest common divisor of 34 and f.
17
Let c = 14 + -5. Suppose 21 = -c*i + 75. Let d be (14 - 4)/(-5)*-27. What is the greatest common factor of d and i?
6
Suppose k = -0*k + 2*i + 3487, 5*i = 5*k - 17435. What is the greatest common divisor of 11 and k?
11
Let h be 8/(-6) + 44/6. Let w(i) = 3*i**2 - 7*i + 10. Let o be w(h). Suppose 340 - o = l. Calculate the highest common divisor of l and 24.
24
Let y(d) = 11*d - 26. Let s be y(-11). Let o = 40 - s. Let t = -89 - -106. What is the greatest common factor of t and o?
17
Suppose 2*y + 3*g - 1720 = 0, y - 896 = -69*g + 63*g. What is the highest common factor of y and 4028?
212
Let m(h) = -6*h**2 - 791*h - 66. Let n be m(-21). What is the greatest common factor of 123 and n?
123
Let b = -10 + 1. Let q(u) = u**2 + 7*u - 18. Let n be q(b). Suppose 0 = -n*z + 3*z - 5*o - 17, 60 = 5*z - 2*o. What is the highest common factor of 2 and z?
2
Suppose -11*q - 356 + 455 = 0. Suppose 0 = -6*r + q*r + u - 83, -5*u - 33 = -r. Calculate the highest common divisor of 1148 and r.
28
Suppose -31*s - 67*s + 73944 = 6*s. What is the greatest common divisor of s and 36?
9
Let b = -176 + 181. Suppose -107 = -4*d + b*m, -2*d + 6*d = -3*m + 115. Calculate the highest common factor of 4 and d.
4
Let h be 18964/10 + 72/45. Calculate the greatest common factor of 104 and h.
26
Let v(w) = -w**3 + 12*w**2 - 41*w + 74. Let p be v(8). Calculate the greatest common factor of 452 and p.
2
Let g = -159 - -388. Let o = -208 + g. Calculate the highest common divisor of 56 and o.
7
Let n(y) = -2*y**3 - 8*y**2 - 41*y - 79. Let a be n(-5). Let m = 29 - 18. Calculate the highest common divisor of a and m.
11
Let c be (-46458)/(-356) + 33/(-6). Calculate the greatest common divisor of 1 and c.
1
Let p(k) = 12*k**3 + 4. Let j be p(2). Suppose 2*g - 2*b - j = 0, 0 = 3*g - 7*g - 4*b + 160. Let x = 38 - 28. What is the greatest common divisor of g and x?
5
Let s = 234 + -54. Let z be ((-28)/(-5))/(18/s). What is the highest common divisor of z and 8?
8
Let r be (7 - 10)/(-9) - (-16)/6. Let z be ((-684)/(-42))/r + (-12)/(-21). What is the highest common divisor of 14 and z?
2
Let d(p) = -27*p + 493. Let b be d(18). What is the highest common factor of 3507 and b?
7
Let w = 3493 - 3409. Suppose 118 = 2*k - 2*g, 2*k - 6*k = -g - 227. Calculate the greatest common divisor of k and w.
28
Let r(q) = -q**3 + 11*q**2 - 29*q + 24. Suppose x - 4*z - 14 = 0, -16 = -4*x + 2*x + 2*z. Le